8951. Is d a composite number?
True
Suppose -t + 338 = i + 73, i - 5*t = 277. Is i a composite number?
True
Let s be -4 - (-5 + 4 - 7). Suppose -s*n - o + 33 = -824, -2*o - 651 = -3*n. Is n composite?
True
Let z = 12809 + -6030. Is z composite?
False
Let u be (-21938)/16 - ((-9)/8 + 1). Let n = u + 2033. Is n composite?
True
Let i = 70 + 347. Is i a prime number?
False
Let z(s) = 18703*s**3 + 2*s**2 - 3*s + 5. Is z(1) prime?
False
Let y(o) = 69372*o**2 + 53*o + 52. Is y(-1) a prime number?
True
Let z(h) = 64*h + 89. Is z(0) a composite number?
False
Let g = 566 - -69. Suppose -4*a + 2071 - g = 0. Is a a composite number?
False
Let m(t) = 6*t**2 + 5*t + 7. Suppose 264 = -2*v + 32. Let u be v/30 - 4/30. Is m(u) composite?
False
Suppose 0*l = -5*l + 15. Is -785*(l/6 + 9/(-10)) a composite number?
True
Suppose 4*i - 8595 = 6397. Suppose -4*n + i = 4*s, -n = -2*n. Is s composite?
False
Suppose 133 + 648 = -2*y - 5*t, 1937 = -5*y + 3*t. Let w = -93 - y. Is w a prime number?
False
Let b be 1/9 - 1985020/(-180). Is (-4)/(-10) + b/5 prime?
False
Let l = 13186 + 10153. Is l a composite number?
False
Let p be (-10 - -3 - (2 + 0)) + -2. Let t(i) = -68*i + 9. Is t(p) a prime number?
True
Suppose -5*i - 2670 + 11710 = 0. Suppose i + 2632 = 5*k. Suppose o - k = -0*o - f, 0 = f + 1. Is o composite?
True
Suppose 4*z - 14 + 2 = 0. Suppose z*l - n = -0*l + 1351, -4*l = -5*n - 1816. Is l a prime number?
True
Let t(q) = 15*q - 2. Let a be t(3). Let d be 634/18 + (-6)/27. Suppose h - d = v, h + v = -2*v + a. Is h a prime number?
True
Let c = -20 - -22. Suppose 2*z + 6 = c*s, -5*s + 3*z + 2 = -7. Suppose p - 2*p + 67 = s. Is p a composite number?
False
Suppose -2*j - 6*m + 8224 = -4*m, m - 16445 = -4*j. Is j composite?
False
Let r = 20418 - 8660. Is r a composite number?
True
Let k(p) = p**3 - p**2 - p + 152. Let y be k(0). Suppose 4*m + 0*m + y = 2*d, 2*d + 5*m - 197 = 0. Is d a composite number?
True
Let c = 2829 - -2216. Is c prime?
False
Let r be 4 - (-3 - (-3 + -1)). Let k(a) = -8 + 5 - 2*a**3 + 3*a**r + 4*a**2 - 3*a - 2*a**2. Is k(5) composite?
False
Suppose -2*c - 3*n = -42499, 24*c = 27*c - 4*n - 63791. Is c a prime number?
False
Let l = 44084 + -30321. Is l prime?
True
Suppose -5*c + 6684 = -1111. Is c prime?
True
Let c(n) = 50*n**2 - 19*n + 47. Is c(12) a prime number?
True
Suppose -2*x + 4 + 74 = 0. Let l = x - 21. Let i = l + 5. Is i prime?
True
Let a(w) = 3*w**2 + 78. Let o be a(0). Suppose q = -q + o. Is q a composite number?
True
Suppose -2*i = -400 - 426. Suppose m - 2*v = i, -7*m + 2*m - 2*v + 2101 = 0. Is m composite?
False
Let c(g) = g**3 + 10*g**2 - 7*g + 11. Let o be c(-9). Suppose 0 = h - 3*y - 8 - o, 326 = 2*h + y. Is h a prime number?
True
Is 42647/15 - 72/540 composite?
False
Is 158661/34 - ((-10)/(-4) - 2) prime?
False
Let m = 12015 - 7124. Is m composite?
True
Let p = -84 - -715. Is p a prime number?
True
Suppose 3*j = 12, -1420 - 144 = 4*g + j. Let p = -207 - g. Is p a composite number?
True
Suppose -4*b - 8 - 112 = -5*x, 4*x - 16 = 0. Let f = b - -36. Let g(i) = -i**3 + 15*i**2 - i + 6. Is g(f) composite?
False
Let f = 55813 - 32994. Is f prime?
False
Is 1137 - (-3)/(15/5) prime?
False
Let o be (-10 - (-12)/2) + (-23)/(-1). Suppose -o*y = -16*y - 1761. Is y a composite number?
False
Suppose 5*p - 29260 = 84775. Is p a composite number?
False
Suppose -16655 = -6*x - 2531. Is (x - (-4)/(-4)) + 4 a prime number?
True
Let d(m) = -403*m - 725. Is d(-6) prime?
True
Let b(d) = -d**2 - d + 4. Let n be b(0). Let f(a) = a + 3*a**2 - 2*a**2 + n - 5 - 3*a. Is f(6) composite?
False
Let w = 1697 + -999. Is w a composite number?
True
Let l(s) = 292*s**2 - s + 2. Let a be l(-2). Suppose -3*p = 6, 5*y - 4*p = -2*p + 29. Suppose -o + y*o = a. Is o prime?
True
Is (-2)/6 - 782538/(-18) - -3 a composite number?
True
Suppose 0 = 4*h - 0*h + 3*p - 1413, -2*h = -4*p - 690. Let s = -196 + h. Is s a prime number?
False
Suppose -1 - 3 = r, 36 = 5*c - 4*r. Suppose -8*w = -c*w - 5692. Is w a composite number?
False
Suppose a - 43866 = -v, 0 = -v + 6*v - a - 219300. Is v a prime number?
False
Let m(f) = -f**3 - f**2. Let o be m(-2). Suppose -o*s - 1671 = 245. Let y = s + 844. Is y a composite number?
True
Let s(c) = c**2 + 18*c + 9. Let o be s(-18). Suppose o*f = -3*m + 6*f + 3498, 0 = 5*m - 3*f - 5870. Is m a composite number?
False
Let d(k) = 17771*k**3 + k**2 + 5*k - 4. Is d(1) composite?
True
Suppose -3*z = -4*x - 146833, 0*z = -z + x + 48945. Is z composite?
False
Suppose 0 = 4*j - 5*l - 29376, 30*l = 34*l - 16. Is j composite?
False
Let p be 175/28 + -2 - 2/8. Is (-11 - -9)/(p/(-1270)) prime?
False
Suppose 27*g + 25663 = 38*g. Is g a composite number?
False
Suppose 4*z = -q + 14333, 8*q + 2*z - 28678 = 6*q. Is q a prime number?
True
Is (-6347620)/(-492)*(4 - 1) a composite number?
True
Let y = 17 - 34. Let z(s) = -11*s - 38. Is z(y) a prime number?
True
Let r(d) = 16*d - 4. Let m be r(5). Suppose -5*g = -5*o + 55 + 15, -5*o = -2*g - m. Let b = o - 3. Is b a prime number?
True
Suppose -7*z + 2*z = -75. Suppose 0 = 3*d - z, 0 = -4*i - 2*d + 720 - 34. Let c = i - 110. Is c composite?
False
Let o = 62 + -50. Suppose 796 = -8*a + o*a. Is a a composite number?
False
Is (-6)/102 + 439060/17 a prime number?
False
Suppose -12309 - 3471 = -10*m. Suppose 17*b - 12305 = -m. Is b prime?
True
Let z be (1/(-2))/(4/(-36 + -4)). Suppose z*q - 4*l = 6789, -6*q = -4*q - 5*l - 2702. Is q prime?
True
Suppose -27040 = -5*j - 5*r, 7*j - 6*j - 3*r - 5420 = 0. Is j a composite number?
True
Suppose 5*h - 7185 = 4*u, 5*h - 222 - 6938 = -u. Suppose 2*b - h = -y, 7*b - 3615 = 2*b + 4*y. Is b prime?
True
Suppose -74*b + 72*b = -8. Let p be 1*(12 + (-4)/2). Suppose p*h = b*h + 3810. Is h a prime number?
False
Suppose 4*k = -y + 20013, y + 3653 - 13660 = -2*k. Is k composite?
False
Let h(z) = z - 10. Let l be h(14). Suppose l*a - 5748 = -2*x - 2*x, 5*a = x - 1437. Is x a prime number?
False
Suppose s = -2*w - 0*s + 1332, 2*w - 1332 = -2*s. Is w + (-51)/(-18) + 5/30 prime?
False
Suppose 28*d - 23*d = 2695. Suppose -8*q = -q - d. Is q a prime number?
False
Let x(f) = 89*f - 12. Let h be x(11). Let c be -3 + 8 + -2 + h. Is c/(-5)*(-21)/6 prime?
False
Let v = -1752 - -3275. Is v prime?
True
Let g(l) = -4*l + 4 + 4 - 3 + l**2 + 0. Let y be g(4). Suppose -4*j - 776 + 2298 = -2*q, 0 = y*j - q - 1898. Is j a composite number?
False
Suppose 2*o - 8398 = 6*a - 2*a, -a = -5. Suppose o = 2*j - 289. Is j a prime number?
False
Suppose -15 = -2*p - 4*x - 3, 5*p = x - 3. Suppose p = 5*i - i - 84. Suppose 3*s + i = 168. Is s prime?
False
Let n(t) = -2*t + 31. Let o be n(13). Suppose 2*d - 5*g + 2100 = 7*d, -o*d = -5*g - 2090. Is d a prime number?
True
Let r be 147 + -4 + (1 - 2). Suppose 5*b + r = -63. Let k = 2 - b. Is k composite?
False
Suppose 2*w - 619 - 2985 = 0. Suppose 10*q = w + 848. Is q a prime number?
False
Let k(i) = -15305*i - 105. Is k(-2) a composite number?
True
Let c = 14469 - 8282. Is c a prime number?
False
Suppose -3*n = 3*t + 3, 0*t = -3*n + 2*t + 17. Suppose 4*z = 2*y - 4, 0*y - 7 = -2*y + n*z. Let d = y + 119. Is d a prime number?
True
Is 98432/16 - (-7)/(-1) a composite number?
True
Let k(b) = 2*b**2 - 11*b - 3. Let u be k(6). Suppose p = u*j - 380 - 3, 0 = -2*j - 3*p + 248. Is j composite?
False
Let s be 48/112 + (-2024)/(-14). Let r = 396 - s. Is r a composite number?
False
Let g(z) = 117*z**2 + z + 2. Suppose -l = -2*l - 1. Is g(l) prime?
False
Suppose 3*x = -2*n + 22, 4*x + n + 0*n = 21. Let h be -1 - (-2)/(x/(-3850)). Is (5/(-15))/(2/h) a prime number?
False
Let f = 2236 + -5754. Let m = f + 7857. Is m composite?
False
Let c = 4 - 1. Let a be ((-4)/c)/(-2)*3. Suppose -a*o + m + 270 = 3*o, -o + 4*m = -73. Is o prime?
True
Let u = 7848 - 3235. Is u a composite number?
True
Suppose 5*s - 8 = -h, -s + 3*h - 4*h = 0. Suppose -s*w = -0*w - 86. Is w composite?
False
Suppose -181 + 1474 = 3*p. Let l = 862 - 144. Let h = l - p. Is h composite?
True
Suppose -5*t - 2*k = -317, -2*k - 140 = -5*t + 173. Suppose z - t = 92. Is z a composite number?
True
Let s(x) = -2*x**2 + 25*x + 15. Let d be s(13). Is d/4 + 2 + (-2358)/(-12) a prime number?
True
Let a be 19/57 + (-7)/3. Is a - (14/(-77) + (-34219)/11) composite?
False
Suppose 4*b - 293 = -3*w - 9, -5*w - 4*b = -460. Suppose 3*c = 1385 + 